sor of 22 and 108526.
22
Calculate the greatest common divisor of 2161968 and 144.
48
Calculate the highest common factor of 837 and 3441.
93
Calculate the highest common factor of 9 and 10629.
9
Calculate the highest common factor of 319068 and 180.
36
Calculate the highest common factor of 2644 and 96.
4
Calculate the highest common divisor of 322391 and 535.
107
What is the highest common factor of 972 and 48276?
324
What is the highest common divisor of 22 and 468270?
22
Calculate the greatest common divisor of 1499 and 13591433.
1499
Calculate the highest common divisor of 29 and 5191493.
29
Calculate the greatest common divisor of 1331190 and 56.
14
Calculate the greatest common factor of 54 and 268461.
27
What is the highest common factor of 4709 and 54569?
277
Calculate the greatest common factor of 39666 and 671.
11
What is the highest common divisor of 12530 and 28?
14
What is the highest common divisor of 513 and 533691?
171
Calculate the greatest common factor of 73 and 7988098.
73
What is the greatest common factor of 17808 and 21?
21
Calculate the highest common factor of 477 and 813921.
159
What is the highest common divisor of 5927 and 5?
1
Calculate the greatest common factor of 1 and 58931.
1
What is the greatest common factor of 1175 and 270?
5
Calculate the highest common divisor of 29887 and 143.
143
Calculate the highest common factor of 30059619 and 1671.
1671
Calculate the greatest common divisor of 323 and 11645.
17
What is the highest common factor of 27426 and 714?
42
Calculate the greatest common divisor of 221 and 4381.
13
Calculate the greatest common divisor of 58 and 697247.
29
Calculate the highest common divisor of 228 and 94476.
12
Calculate the highest common factor of 609498 and 8.
2
Calculate the greatest common divisor of 6352 and 1296.
16
What is the highest common divisor of 29 and 184469?
29
Calculate the greatest common divisor of 21421 and 36623.
691
What is the greatest common factor of 11966955 and 231?
231
Calculate the highest common factor of 14 and 17478.
2
What is the greatest common factor of 544 and 1864?
8
Calculate the highest common divisor of 120 and 62685.
15
Calculate the highest common divisor of 318780 and 115.
115
Calculate the greatest common factor of 8505 and 13440.
105
What is the highest common factor of 40 and 509660?
20
Calculate the highest common factor of 1224 and 13702.
34
Calculate the highest common divisor of 1651 and 52.
13
Calculate the greatest common factor of 42 and 6447.
21
What is the greatest common factor of 272937 and 41?
41
Calculate the greatest common divisor of 21615 and 165.
165
Calculate the highest common divisor of 53115 and 10.
5
What is the greatest common factor of 450 and 12065700?
150
Calculate the greatest common factor of 93966 and 78.
6
What is the greatest common divisor of 678 and 70738?
226
Calculate the highest common divisor of 254 and 2772664.
254
Calculate the highest common divisor of 251172 and 6.
6
Calculate the highest common divisor of 143 and 271326.
11
What is the greatest common divisor of 268140 and 545?
545
What is the greatest common divisor of 68964 and 84?
84
Calculate the greatest common divisor of 997490 and 130.
130
What is the highest common factor of 136918 and 34?
34
What is the highest common divisor of 155101 and 86?
43
What is the greatest common factor of 571703 and 11?
11
Calculate the highest common divisor of 17 and 1816212.
17
Calculate the greatest common divisor of 6018 and 4386.
102
Calculate the greatest common factor of 550 and 940.
10
What is the highest common factor of 12555 and 4605?
15
What is the highest common factor of 420 and 6510?
210
Calculate the greatest common divisor of 85342 and 142.
142
Calculate the greatest common factor of 399614 and 22.
2
Calculate the greatest common divisor of 148 and 8954.
74
Calculate the highest common factor of 265524 and 154.
14
What is the highest common factor of 36272 and 16?
16
Calculate the greatest common divisor of 23 and 2074393.
23
What is the greatest common factor of 126 and 688191?
21
What is the greatest common factor of 558 and 3150?
18
Calculate the greatest common factor of 28770 and 1470.
210
What is the greatest common divisor of 128050 and 104410?
1970
What is the highest common factor of 2145 and 89037?
39
Calculate the greatest common factor of 7843 and 1767.
31
What is the greatest common divisor of 120483 and 198?
99
What is the highest common divisor of 756 and 1836?
108
Calculate the greatest common divisor of 1779 and 153.
3
Calculate the highest common divisor of 209 and 714248.
19
What is the greatest common factor of 6 and 2866?
2
Calculate the highest common factor of 2610 and 3276.
18
Calculate the highest common factor of 145 and 507335.
5
Calculate the highest common factor of 1200 and 4848.
48
What is the greatest common factor of 76527 and 495?
99
Calculate the greatest common divisor of 29589 and 1617.
21
What is the greatest common divisor of 759996 and 248?
124
What is the greatest common divisor of 3960 and 97460?
220
Calculate the greatest common factor of 847 and 352957.
121
Calculate the highest common divisor of 384 and 3448128.
192
What is the greatest common divisor of 597 and 3430561?
199
What is the greatest common divisor of 21408 and 384?
96
What is the highest common divisor of 26398 and 938?
134
What is the highest common factor of 5 and 934445?
5
Calculate the highest common factor of 897925 and 1466.
733
Calculate the greatest common factor of 3444 and 6524.
28
Calculate the highest common factor of 283 and 271397.
283
Calculate the highest common divisor of 18 and 28586.
2
What is the greatest common factor of 210952 and 168?
56
What is the highest common factor of 40 and 14888?
8
Calculate the greatest common factor of 16 and 2042.
2
What is the highest common factor of 598 and 515890?
46
What is the highest common divisor of 180 and 819200?
20
Calculate the greatest common factor of 180791 and 39.
13
Calculate the highest common factor of 517 and 407.
11
What is the highest common factor of 1890 and 13905?
135
Calculate the greatest common factor of 319 and 100463.
11
What is the highest common divisor of 51666 and 22278?
474
Calculate the highest common factor of 2980355 and 595.
595
What is the highest common factor of 577 and 8547101?
577
What is the greatest common factor of 28000 and 11900?
700
Calculate the greatest common factor of 120903 and 18357.
633
What is the greatest common divisor of 23595 and 396?
33
What is the highest common factor of 3019336 and 544?
136
What is the highest common factor of 6 and 2173146?
6
Calculate the highest common factor of 680 and 528530.
170
Calculate the greatest common divisor of 272694 and 1504.
94
What is the highest common factor of 880 and 1364?
44
Calculate the highest common divisor of 1824465 and 10.
5
Calculate the greatest common factor of 726 and 31471.
11
What is the highest common divisor of 317472 and 96?
96
What is the greatest common factor of 84 and 4164?
12
Calculate the greatest common divisor of 4275 and 24985.
95
Calculate the greatest common divisor of 2303 and 59633.
49
Calculate the highest common divisor of 3298 and 3043.
17
What is the highest common divisor of 1849 and 43?
43
Calculate the greatest common factor of 3776694 and 6.
6
What is the highest common factor of 5888691 and 657?
657
What is the highest common factor of 1440 and 25?
5
What is the greatest common divisor of 957 and 69223?
319
What is the highest common divisor of 159999 and 399?
399
What is the greatest common factor of 259 and 575239?
259
Calculate the highest common divisor of 247 and 8113.
19
What is the greatest common divisor of 1566 and 77382?
54
What is the highest common factor of 82460 and 1216?
76
What is the greatest common divisor of 31875 and 51?
51
Calculate the highest common factor of 66432 and 64.
64
Calculate the greatest common factor of 63 and 5679.
9
Calculate the greatest common factor of 4522 and 54859.
119
Calculate the highest common factor of 180 and 6420.
60
What is the greatest common divisor of 21939 and 13287?
309
Calculate the greatest common divisor of 62546 and 33.
11
What is the highest common divisor of 108 and 343?
1
What is 